{"id":49,"date":"2019-03-23T02:35:45","date_gmt":"2019-03-23T01:35:45","guid":{"rendered":"http:\/\/walterpianos.cl\/?page_id=49"},"modified":"2019-03-23T03:52:08","modified_gmt":"2019-03-23T02:52:08","slug":"antecedentes","status":"publish","type":"page","link":"https:\/\/www.walterpianos.cl\/index.php\/antecedentes\/","title":{"rendered":"Antecedentes"},"content":{"rendered":"\n<p>Profesor de Educaci\u00f3n Musical y Bachiller en Arte menci\u00f3n Lutheria. Titulado con distinci\u00f3n en la Universidad Austral de Chile. T\u00e9cnico en pianos desde 1981. Perfeccionamiento con ingenieros de la empresa japonesa Yamaha en 6 seminarios sobre afinaci\u00f3n, reparaci\u00f3n, regulaci\u00f3n, y entonaci\u00f3n de pianos, dictados a trav\u00e9s de la facultad de Artes de la Universidad de Chile.<\/p>\n\n\n\n<ul class=\"wp-block-gallery columns-2 is-cropped wp-block-gallery-1 is-layout-flex\"><li class=\"blocks-gallery-item\"><figure><img decoding=\"async\" loading=\"lazy\" width=\"683\" height=\"1024\" src=\"http:\/\/walterpianos.cl\/wp-content\/uploads\/2019\/03\/29D62B81-4B93-45B8-BFE8-99094F576A9E-683x1024.jpeg\" alt=\"\" data-id=\"74\" class=\"wp-image-74\" srcset=\"https:\/\/www.walterpianos.cl\/wp-content\/uploads\/2019\/03\/29D62B81-4B93-45B8-BFE8-99094F576A9E-683x1024.jpeg 683w, https:\/\/www.walterpianos.cl\/wp-content\/uploads\/2019\/03\/29D62B81-4B93-45B8-BFE8-99094F576A9E-200x300.jpeg 200w, https:\/\/www.walterpianos.cl\/wp-content\/uploads\/2019\/03\/29D62B81-4B93-45B8-BFE8-99094F576A9E-768x1152.jpeg 768w, https:\/\/www.walterpianos.cl\/wp-content\/uploads\/2019\/03\/29D62B81-4B93-45B8-BFE8-99094F576A9E.jpeg 912w\" sizes=\"(max-width: 683px) 100vw, 683px\" \/><\/figure><\/li><li class=\"blocks-gallery-item\"><figure><img decoding=\"async\" loading=\"lazy\" width=\"960\" height=\"528\" src=\"http:\/\/walterpianos.cl\/wp-content\/uploads\/2019\/03\/7B83A313-D3D3-40D3-A9DC-C8578FB8296A.jpeg\" alt=\"\" data-id=\"92\" data-link=\"http:\/\/walterpianos.cl\/index.php\/antecedentes\/7b83a313-d3d3-40d3-a9dc-c8578fb8296a\/\" class=\"wp-image-92\" srcset=\"https:\/\/www.walterpianos.cl\/wp-content\/uploads\/2019\/03\/7B83A313-D3D3-40D3-A9DC-C8578FB8296A.jpeg 960w, https:\/\/www.walterpianos.cl\/wp-content\/uploads\/2019\/03\/7B83A313-D3D3-40D3-A9DC-C8578FB8296A-300x165.jpeg 300w, https:\/\/www.walterpianos.cl\/wp-content\/uploads\/2019\/03\/7B83A313-D3D3-40D3-A9DC-C8578FB8296A-768x422.jpeg 768w\" sizes=\"(max-width: 960px) 100vw, 960px\" \/><\/figure><\/li><\/ul>\n","protected":false},"excerpt":{"rendered":"<p>Profesor de Educaci\u00f3n Musical y Bachiller en Arte menci\u00f3n Lutheria. Titulado con distinci\u00f3n en la Universidad Austral de Chile. T\u00e9cnico en pianos desde 1981. Perfeccionamiento con ingenieros de la empresa japonesa Yamaha en 6 seminarios sobre afinaci\u00f3n, reparaci\u00f3n, regulaci\u00f3n, y entonaci\u00f3n de pianos, dictados a trav\u00e9s de la facultad de Artes de la Universidad de [&hellip;]<\/p>\n","protected":false},"author":1,"featured_media":0,"parent":0,"menu_order":0,"comment_status":"closed","ping_status":"closed","template":"","meta":{"jetpack_post_was_ever_published":false},"yoast_head":"<!-- This site is optimized with the Yoast SEO plugin v20.7 - https:\/\/yoast.com\/wordpress\/plugins\/seo\/ -->\n<title>Antecedentes - Walter Pianos<\/title>\n<meta name=\"robots\" content=\"index, follow, max-snippet:-1, max-image-preview:large, max-video-preview:-1\" \/>\n<link rel=\"canonical\" href=\"https:\/\/www.walterpianos.cl\/index.php\/antecedentes\/\" \/>\n<meta property=\"og:locale\" content=\"es_ES\" \/>\n<meta property=\"og:type\" content=\"article\" \/>\n<meta property=\"og:title\" content=\"Antecedentes - Walter Pianos\" \/>\n<meta property=\"og:description\" content=\"Profesor de Educaci\u00f3n Musical y Bachiller en Arte menci\u00f3n Lutheria. Titulado con distinci\u00f3n en la Universidad Austral de Chile. T\u00e9cnico en pianos desde 1981. Perfeccionamiento con ingenieros de la empresa japonesa Yamaha en 6 seminarios sobre afinaci\u00f3n, reparaci\u00f3n, regulaci\u00f3n, y entonaci\u00f3n de pianos, dictados a trav\u00e9s de la facultad de Artes de la Universidad de [&hellip;]\" \/>\n<meta property=\"og:url\" content=\"https:\/\/www.walterpianos.cl\/index.php\/antecedentes\/\" \/>\n<meta property=\"og:site_name\" content=\"Walter Pianos\" \/>\n<meta property=\"article:modified_time\" content=\"2019-03-23T02:52:08+00:00\" \/>\n<meta property=\"og:image\" content=\"http:\/\/walterpianos.cl\/wp-content\/uploads\/2019\/03\/29D62B81-4B93-45B8-BFE8-99094F576A9E-683x1024.jpeg\" \/>\n<meta name=\"twitter:card\" content=\"summary_large_image\" \/>\n<script type=\"application\/ld+json\" class=\"yoast-schema-graph\">{\"@context\":\"https:\/\/schema.org\",\"@graph\":[{\"@type\":\"WebPage\",\"@id\":\"https:\/\/www.walterpianos.cl\/index.php\/antecedentes\/\",\"url\":\"https:\/\/www.walterpianos.cl\/index.php\/antecedentes\/\",\"name\":\"Antecedentes - Walter Pianos\",\"isPartOf\":{\"@id\":\"https:\/\/www.walterpianos.cl\/#website\"},\"datePublished\":\"2019-03-23T01:35:45+00:00\",\"dateModified\":\"2019-03-23T02:52:08+00:00\",\"breadcrumb\":{\"@id\":\"https:\/\/www.walterpianos.cl\/index.php\/antecedentes\/#breadcrumb\"},\"inLanguage\":\"es\",\"potentialAction\":[{\"@type\":\"ReadAction\",\"target\":[\"https:\/\/www.walterpianos.cl\/index.php\/antecedentes\/\"]}]},{\"@type\":\"BreadcrumbList\",\"@id\":\"https:\/\/www.walterpianos.cl\/index.php\/antecedentes\/#breadcrumb\",\"itemListElement\":[{\"@type\":\"ListItem\",\"position\":1,\"name\":\"Portada\",\"item\":\"https:\/\/www.walterpianos.cl\/\"},{\"@type\":\"ListItem\",\"position\":2,\"name\":\"Antecedentes\"}]},{\"@type\":\"WebSite\",\"@id\":\"https:\/\/www.walterpianos.cl\/#website\",\"url\":\"https:\/\/www.walterpianos.cl\/\",\"name\":\"Walter Pianos\",\"description\":\"\",\"potentialAction\":[{\"@type\":\"SearchAction\",\"target\":{\"@type\":\"EntryPoint\",\"urlTemplate\":\"https:\/\/www.walterpianos.cl\/?s={search_term_string}\"},\"query-input\":\"required name=search_term_string\"}],\"inLanguage\":\"es\"}]}<\/script>\n<!-- \/ Yoast SEO plugin. -->","yoast_head_json":{"title":"Antecedentes - Walter Pianos","robots":{"index":"index","follow":"follow","max-snippet":"max-snippet:-1","max-image-preview":"max-image-preview:large","max-video-preview":"max-video-preview:-1"},"canonical":"https:\/\/www.walterpianos.cl\/index.php\/antecedentes\/","og_locale":"es_ES","og_type":"article","og_title":"Antecedentes - Walter Pianos","og_description":"Profesor de Educaci\u00f3n Musical y Bachiller en Arte menci\u00f3n Lutheria. Titulado con distinci\u00f3n en la Universidad Austral de Chile. T\u00e9cnico en pianos desde 1981. Perfeccionamiento con ingenieros de la empresa japonesa Yamaha en 6 seminarios sobre afinaci\u00f3n, reparaci\u00f3n, regulaci\u00f3n, y entonaci\u00f3n de pianos, dictados a trav\u00e9s de la facultad de Artes de la Universidad de [&hellip;]","og_url":"https:\/\/www.walterpianos.cl\/index.php\/antecedentes\/","og_site_name":"Walter Pianos","article_modified_time":"2019-03-23T02:52:08+00:00","og_image":[{"url":"http:\/\/walterpianos.cl\/wp-content\/uploads\/2019\/03\/29D62B81-4B93-45B8-BFE8-99094F576A9E-683x1024.jpeg"}],"twitter_card":"summary_large_image","schema":{"@context":"https:\/\/schema.org","@graph":[{"@type":"WebPage","@id":"https:\/\/www.walterpianos.cl\/index.php\/antecedentes\/","url":"https:\/\/www.walterpianos.cl\/index.php\/antecedentes\/","name":"Antecedentes - Walter Pianos","isPartOf":{"@id":"https:\/\/www.walterpianos.cl\/#website"},"datePublished":"2019-03-23T01:35:45+00:00","dateModified":"2019-03-23T02:52:08+00:00","breadcrumb":{"@id":"https:\/\/www.walterpianos.cl\/index.php\/antecedentes\/#breadcrumb"},"inLanguage":"es","potentialAction":[{"@type":"ReadAction","target":["https:\/\/www.walterpianos.cl\/index.php\/antecedentes\/"]}]},{"@type":"BreadcrumbList","@id":"https:\/\/www.walterpianos.cl\/index.php\/antecedentes\/#breadcrumb","itemListElement":[{"@type":"ListItem","position":1,"name":"Portada","item":"https:\/\/www.walterpianos.cl\/"},{"@type":"ListItem","position":2,"name":"Antecedentes"}]},{"@type":"WebSite","@id":"https:\/\/www.walterpianos.cl\/#website","url":"https:\/\/www.walterpianos.cl\/","name":"Walter Pianos","description":"","potentialAction":[{"@type":"SearchAction","target":{"@type":"EntryPoint","urlTemplate":"https:\/\/www.walterpianos.cl\/?s={search_term_string}"},"query-input":"required name=search_term_string"}],"inLanguage":"es"}]}},"jetpack_sharing_enabled":true,"jetpack_shortlink":"https:\/\/wp.me\/PaPMky-N","_links":{"self":[{"href":"https:\/\/www.walterpianos.cl\/index.php\/wp-json\/wp\/v2\/pages\/49"}],"collection":[{"href":"https:\/\/www.walterpianos.cl\/index.php\/wp-json\/wp\/v2\/pages"}],"about":[{"href":"https:\/\/www.walterpianos.cl\/index.php\/wp-json\/wp\/v2\/types\/page"}],"author":[{"embeddable":true,"href":"https:\/\/www.walterpianos.cl\/index.php\/wp-json\/wp\/v2\/users\/1"}],"replies":[{"embeddable":true,"href":"https:\/\/www.walterpianos.cl\/index.php\/wp-json\/wp\/v2\/comments?post=49"}],"version-history":[{"count":5,"href":"https:\/\/www.walterpianos.cl\/index.php\/wp-json\/wp\/v2\/pages\/49\/revisions"}],"predecessor-version":[{"id":93,"href":"https:\/\/www.walterpianos.cl\/index.php\/wp-json\/wp\/v2\/pages\/49\/revisions\/93"}],"wp:attachment":[{"href":"https:\/\/www.walterpianos.cl\/index.php\/wp-json\/wp\/v2\/media?parent=49"}],"curies":[{"name":"wp","href":"https:\/\/api.w.org\/{rel}","templated":true}]}}

<p>Profesor de Educación Musical y Bachiller en Arte mención Lutheria. Titulado con distinción en la Universidad Austral de Chile. Técnico en pianos desde 1981. Perfeccionamiento con ingenieros de la empresa japonesa Yamaha en 6 seminarios sobre afinación, reparación, regulación, y entonación de pianos, dictados a través de la facultad de Artes de la Universidad de Chile.</p>



<ul class="wp-block-gallery columns-2 is-cropped wp-block-gallery-1 is-layout-flex"><li class="blocks-gallery-item"><figure><img decoding="async" loading="lazy" width="683" height="1024" src="http://walterpianos.cl/wp-content/uploads/2019/03/29D62B81-4B93-45B8-BFE8-99094F576A9E-683x1024.jpeg" alt="" data-id="74" class="wp-image-74" srcset="https://www.walterpianos.cl/wp-content/uploads/2019/03/29D62B81-4B93-45B8-BFE8-99094F576A9E-683x1024.jpeg 683w, https://www.walterpianos.cl/wp-content/uploads/2019/03/29D62B81-4B93-45B8-BFE8-99094F576A9E-200x300.jpeg 200w, https://www.walterpianos.cl/wp-content/uploads/2019/03/29D62B81-4B93-45B8-BFE8-99094F576A9E-768x1152.jpeg 768w, https://www.walterpianos.cl/wp-content/uploads/2019/03/29D62B81-4B93-45B8-BFE8-99094F576A9E.jpeg 912w" sizes="(max-width: 683px) 100vw, 683px" /></figure></li><li class="blocks-gallery-item"><figure><img decoding="async" loading="lazy" width="960" height="528" src="http://walterpianos.cl/wp-content/uploads/2019/03/7B83A313-D3D3-40D3-A9DC-C8578FB8296A.jpeg" alt="" data-id="92" data-link="http://walterpianos.cl/index.php/antecedentes/7b83a313-d3d3-40d3-a9dc-c8578fb8296a/" class="wp-image-92" srcset="https://www.walterpianos.cl/wp-content/uploads/2019/03/7B83A313-D3D3-40D3-A9DC-C8578FB8296A.jpeg 960w, https://www.walterpianos.cl/wp-content/uploads/2019/03/7B83A313-D3D3-40D3-A9DC-C8578FB8296A-300x165.jpeg 300w, https://www.walterpianos.cl/wp-content/uploads/2019/03/7B83A313-D3D3-40D3-A9DC-C8578FB8296A-768x422.jpeg 768w" sizes="(max-width: 960px) 100vw, 960px" /></figure></li></ul>

<p>Profesor de Educación Musical y Bachiller en Arte mención Lutheria. Titulado con distinción en la Universidad Austral de Chile. Técnico en pianos desde 1981. Perfeccionamiento con ingenieros de la empresa japonesa Yamaha en 6 seminarios sobre afinación, reparación, regulación, y entonación de pianos, dictados a través de la facultad de Artes de la Universidad de [&hellip;]</p>

<!-- This site is optimized with the Yoast SEO plugin v20.7 - https://yoast.com/wordpress/plugins/seo/ -->
<title>Antecedentes - Walter Pianos</title>
<meta name="robots" content="index, follow, max-snippet:-1, max-image-preview:large, max-video-preview:-1" />
<link rel="canonical" href="https://www.walterpianos.cl/index.php/antecedentes/" />
<meta property="og:locale" content="es_ES" />
<meta property="og:type" content="article" />
<meta property="og:title" content="Antecedentes - Walter Pianos" />
<meta property="og:description" content="Profesor de Educación Musical y Bachiller en Arte mención Lutheria. Titulado con distinción en la Universidad Austral de Chile. Técnico en pianos desde 1981. Perfeccionamiento con ingenieros de la empresa japonesa Yamaha en 6 seminarios sobre afinación, reparación, regulación, y entonación de pianos, dictados a través de la facultad de Artes de la Universidad de [&hellip;]" />
<meta property="og:url" content="https://www.walterpianos.cl/index.php/antecedentes/" />
<meta property="og:site_name" content="Walter Pianos" />
<meta property="article:modified_time" content="2019-03-23T02:52:08+00:00" />
<meta property="og:image" content="http://walterpianos.cl/wp-content/uploads/2019/03/29D62B81-4B93-45B8-BFE8-99094F576A9E-683x1024.jpeg" />
<meta name="twitter:card" content="summary_large_image" />
<script type="application/ld+json" class="yoast-schema-graph">{"@context":"https://schema.org","@graph":[{"@type":"WebPage","@id":"https://www.walterpianos.cl/index.php/antecedentes/","url":"https://www.walterpianos.cl/index.php/antecedentes/","name":"Antecedentes - Walter Pianos","isPartOf":{"@id":"https://www.walterpianos.cl/#website"},"datePublished":"2019-03-23T01:35:45+00:00","dateModified":"2019-03-23T02:52:08+00:00","breadcrumb":{"@id":"https://www.walterpianos.cl/index.php/antecedentes/#breadcrumb"},"inLanguage":"es","potentialAction":[{"@type":"ReadAction","target":["https://www.walterpianos.cl/index.php/antecedentes/"]}]},{"@type":"BreadcrumbList","@id":"https://www.walterpianos.cl/index.php/antecedentes/#breadcrumb","itemListElement":[{"@type":"ListItem","position":1,"name":"Portada","item":"https://www.walterpianos.cl/"},{"@type":"ListItem","position":2,"name":"Antecedentes"}]},{"@type":"WebSite","@id":"https://www.walterpianos.cl/#website","url":"https://www.walterpianos.cl/","name":"Walter Pianos","description":"","potentialAction":[{"@type":"SearchAction","target":{"@type":"EntryPoint","urlTemplate":"https://www.walterpianos.cl/?s={search_term_string}"},"query-input":"required name=search_term_string"}],"inLanguage":"es"}]}</script>
<!-- / Yoast SEO plugin. -->

Profesor de Educación Musical y Bachiller en Arte mención Lutheria. Titulado con distinción en la Universidad Austral de Chile. Técnico en pianos desde 1981. Perfeccionamiento con ingenieros de la empresa japonesa Yamaha en 6 seminarios sobre afinación, reparación, regulación, y entonación de pianos, dictados a través de la facultad de Artes de la Universidad de [&hellip;]
