{"id":124,"date":"2022-10-28T10:49:59","date_gmt":"2022-10-28T13:49:59","guid":{"rendered":"https:\/\/www.walterpianos.cl\/?page_id=124"},"modified":"2023-05-09T15:33:49","modified_gmt":"2023-05-09T19:33:49","slug":"videos","status":"publish","type":"page","link":"https:\/\/www.walterpianos.cl\/index.php\/videos\/","title":{"rendered":"Videos"},"content":{"rendered":"\n<figure class=\"wp-block-embed is-type-video is-provider-youtube wp-block-embed-youtube wp-embed-aspect-16-9 wp-has-aspect-ratio\"><div class=\"wp-block-embed__wrapper\">\n<span class=\"embed-youtube\" style=\"text-align:center; display: block;\"><iframe loading=\"lazy\" class=\"youtube-player\" width=\"600\" height=\"338\" src=\"https:\/\/www.youtube.com\/embed\/DdGv6bA2Pyg?version=3&#038;rel=1&#038;showsearch=0&#038;showinfo=1&#038;iv_load_policy=1&#038;fs=1&#038;hl=es-ES&#038;autohide=2&#038;wmode=transparent\" allowfullscreen=\"true\" style=\"border:0;\" sandbox=\"allow-scripts allow-same-origin allow-popups allow-presentation\"><\/iframe><\/span>\n<\/div><\/figure>\n\n\n\n<figure class=\"wp-block-embed is-type-video is-provider-youtube wp-block-embed-youtube wp-embed-aspect-16-9 wp-has-aspect-ratio\"><div class=\"wp-block-embed__wrapper\">\n<span class=\"embed-youtube\" style=\"text-align:center; display: block;\"><iframe loading=\"lazy\" class=\"youtube-player\" width=\"600\" height=\"338\" src=\"https:\/\/www.youtube.com\/embed\/5Fb3SOOX-PM?version=3&#038;rel=1&#038;showsearch=0&#038;showinfo=1&#038;iv_load_policy=1&#038;fs=1&#038;hl=es-ES&#038;autohide=2&#038;wmode=transparent\" allowfullscreen=\"true\" style=\"border:0;\" sandbox=\"allow-scripts allow-same-origin allow-popups allow-presentation\"><\/iframe><\/span>\n<\/div><\/figure>\n\n\n\n<figure class=\"wp-block-embed is-type-video is-provider-youtube wp-block-embed-youtube wp-embed-aspect-16-9 wp-has-aspect-ratio\"><div class=\"wp-block-embed__wrapper\">\n<span class=\"embed-youtube\" style=\"text-align:center; display: block;\"><iframe loading=\"lazy\" class=\"youtube-player\" width=\"600\" height=\"338\" src=\"https:\/\/www.youtube.com\/embed\/A_kr4cRlwWk?version=3&#038;rel=1&#038;showsearch=0&#038;showinfo=1&#038;iv_load_policy=1&#038;fs=1&#038;hl=es-ES&#038;autohide=2&#038;wmode=transparent\" allowfullscreen=\"true\" style=\"border:0;\" sandbox=\"allow-scripts allow-same-origin allow-popups allow-presentation\"><\/iframe><\/span>\n<\/div><\/figure>\n\n\n\n<figure class=\"wp-block-embed is-type-video is-provider-youtube wp-block-embed-youtube wp-embed-aspect-16-9 wp-has-aspect-ratio\"><div class=\"wp-block-embed__wrapper\">\n<span class=\"embed-youtube\" style=\"text-align:center; display: block;\"><iframe loading=\"lazy\" class=\"youtube-player\" width=\"600\" height=\"338\" src=\"https:\/\/www.youtube.com\/embed\/EwfzmQRSly0?version=3&#038;rel=1&#038;showsearch=0&#038;showinfo=1&#038;iv_load_policy=1&#038;fs=1&#038;hl=es-ES&#038;autohide=2&#038;wmode=transparent\" allowfullscreen=\"true\" style=\"border:0;\" sandbox=\"allow-scripts allow-same-origin allow-popups allow-presentation\"><\/iframe><\/span>\n<\/div><\/figure>\n","protected":false},"excerpt":{"rendered":"","protected":false},"author":1,"featured_media":0,"parent":0,"menu_order":0,"comment_status":"closed","ping_status":"closed","template":"","meta":{"jetpack_post_was_ever_published":false},"yoast_head":"<!-- This site is optimized with the Yoast SEO plugin v20.7 - https:\/\/yoast.com\/wordpress\/plugins\/seo\/ -->\n<title>Videos - Walter Pianos<\/title>\n<meta name=\"robots\" content=\"index, follow, max-snippet:-1, max-image-preview:large, max-video-preview:-1\" \/>\n<link rel=\"canonical\" href=\"https:\/\/www.walterpianos.cl\/index.php\/videos\/\" \/>\n<meta property=\"og:locale\" content=\"es_ES\" \/>\n<meta property=\"og:type\" content=\"article\" \/>\n<meta property=\"og:title\" content=\"www.walterpianos.cl - Piano de cola para conciertos.\" \/>\n<meta property=\"og:description\" content=\"Disponible para renta, incluye servicios de afinaci\u00f3n, traslado y log\u00edstica asociada. Regiones: Araucan\u00eda, Los R\u00edos y Los Lagos.\" \/>\n<meta property=\"og:url\" content=\"https:\/\/www.walterpianos.cl\/index.php\/videos\/\" \/>\n<meta property=\"og:site_name\" content=\"Walter Pianos\" \/>\n<meta property=\"article:modified_time\" content=\"2023-05-09T19:33:49+00:00\" \/>\n<meta property=\"og:image\" content=\"https:\/\/www.walterpianos.cl\/wp-content\/uploads\/2019\/03\/7D9EB2AF-527E-434A-8AD3-67A1C328C768.jpeg\" \/>\n\t<meta property=\"og:image:width\" content=\"1585\" \/>\n\t<meta property=\"og:image:height\" content=\"891\" \/>\n\t<meta property=\"og:image:type\" content=\"image\/jpeg\" \/>\n<meta name=\"twitter:card\" content=\"summary_large_image\" \/>\n<meta name=\"twitter:title\" content=\"www.walterpianos.cl - Piano de cola para conciertos.\" \/>\n<meta name=\"twitter:description\" content=\"Disponible para renta, incluye servicios de afinaci\u00f3n, traslado y log\u00edstica asociada. Regiones: Araucan\u00eda, Los R\u00edos y Los Lagos.\" \/>\n<meta name=\"twitter:image\" content=\"https:\/\/www.walterpianos.cl\/wp-content\/uploads\/2019\/03\/F4B86696-D737-4FF7-845C-49B96FA40976.jpeg\" \/>\n<meta name=\"twitter:label1\" content=\"Tiempo de lectura\" \/>\n\t<meta name=\"twitter:data1\" content=\"1 minuto\" \/>\n<script type=\"application\/ld+json\" class=\"yoast-schema-graph\">{\"@context\":\"https:\/\/schema.org\",\"@graph\":[{\"@type\":\"WebPage\",\"@id\":\"https:\/\/www.walterpianos.cl\/index.php\/videos\/\",\"url\":\"https:\/\/www.walterpianos.cl\/index.php\/videos\/\",\"name\":\"Videos - Walter Pianos\",\"isPartOf\":{\"@id\":\"https:\/\/www.walterpianos.cl\/#website\"},\"datePublished\":\"2022-10-28T13:49:59+00:00\",\"dateModified\":\"2023-05-09T19:33:49+00:00\",\"breadcrumb\":{\"@id\":\"https:\/\/www.walterpianos.cl\/index.php\/videos\/#breadcrumb\"},\"inLanguage\":\"es\",\"potentialAction\":[{\"@type\":\"ReadAction\",\"target\":[\"https:\/\/www.walterpianos.cl\/index.php\/videos\/\"]}]},{\"@type\":\"BreadcrumbList\",\"@id\":\"https:\/\/www.walterpianos.cl\/index.php\/videos\/#breadcrumb\",\"itemListElement\":[{\"@type\":\"ListItem\",\"position\":1,\"name\":\"Portada\",\"item\":\"https:\/\/www.walterpianos.cl\/\"},{\"@type\":\"ListItem\",\"position\":2,\"name\":\"Videos\"}]},{\"@type\":\"WebSite\",\"@id\":\"https:\/\/www.walterpianos.cl\/#website\",\"url\":\"https:\/\/www.walterpianos.cl\/\",\"name\":\"Walter Pianos\",\"description\":\"\",\"potentialAction\":[{\"@type\":\"SearchAction\",\"target\":{\"@type\":\"EntryPoint\",\"urlTemplate\":\"https:\/\/www.walterpianos.cl\/?s={search_term_string}\"},\"query-input\":\"required name=search_term_string\"}],\"inLanguage\":\"es\"}]}<\/script>\n<!-- \/ Yoast SEO plugin. -->","yoast_head_json":{"title":"Videos - Walter Pianos","robots":{"index":"index","follow":"follow","max-snippet":"max-snippet:-1","max-image-preview":"max-image-preview:large","max-video-preview":"max-video-preview:-1"},"canonical":"https:\/\/www.walterpianos.cl\/index.php\/videos\/","og_locale":"es_ES","og_type":"article","og_title":"www.walterpianos.cl - Piano de cola para conciertos.","og_description":"Disponible para renta, incluye servicios de afinaci\u00f3n, traslado y log\u00edstica asociada. Regiones: Araucan\u00eda, Los R\u00edos y Los Lagos.","og_url":"https:\/\/www.walterpianos.cl\/index.php\/videos\/","og_site_name":"Walter Pianos","article_modified_time":"2023-05-09T19:33:49+00:00","og_image":[{"width":1585,"height":891,"url":"https:\/\/www.walterpianos.cl\/wp-content\/uploads\/2019\/03\/7D9EB2AF-527E-434A-8AD3-67A1C328C768.jpeg","type":"image\/jpeg"}],"twitter_card":"summary_large_image","twitter_title":"www.walterpianos.cl - Piano de cola para conciertos.","twitter_description":"Disponible para renta, incluye servicios de afinaci\u00f3n, traslado y log\u00edstica asociada. Regiones: Araucan\u00eda, Los R\u00edos y Los Lagos.","twitter_image":"https:\/\/www.walterpianos.cl\/wp-content\/uploads\/2019\/03\/F4B86696-D737-4FF7-845C-49B96FA40976.jpeg","twitter_misc":{"Tiempo de lectura":"1 minuto"},"schema":{"@context":"https:\/\/schema.org","@graph":[{"@type":"WebPage","@id":"https:\/\/www.walterpianos.cl\/index.php\/videos\/","url":"https:\/\/www.walterpianos.cl\/index.php\/videos\/","name":"Videos - Walter Pianos","isPartOf":{"@id":"https:\/\/www.walterpianos.cl\/#website"},"datePublished":"2022-10-28T13:49:59+00:00","dateModified":"2023-05-09T19:33:49+00:00","breadcrumb":{"@id":"https:\/\/www.walterpianos.cl\/index.php\/videos\/#breadcrumb"},"inLanguage":"es","potentialAction":[{"@type":"ReadAction","target":["https:\/\/www.walterpianos.cl\/index.php\/videos\/"]}]},{"@type":"BreadcrumbList","@id":"https:\/\/www.walterpianos.cl\/index.php\/videos\/#breadcrumb","itemListElement":[{"@type":"ListItem","position":1,"name":"Portada","item":"https:\/\/www.walterpianos.cl\/"},{"@type":"ListItem","position":2,"name":"Videos"}]},{"@type":"WebSite","@id":"https:\/\/www.walterpianos.cl\/#website","url":"https:\/\/www.walterpianos.cl\/","name":"Walter Pianos","description":"","potentialAction":[{"@type":"SearchAction","target":{"@type":"EntryPoint","urlTemplate":"https:\/\/www.walterpianos.cl\/?s={search_term_string}"},"query-input":"required name=search_term_string"}],"inLanguage":"es"}]}},"jetpack_sharing_enabled":true,"jetpack_shortlink":"https:\/\/wp.me\/PaPMky-20","_links":{"self":[{"href":"https:\/\/www.walterpianos.cl\/index.php\/wp-json\/wp\/v2\/pages\/124"}],"collection":[{"href":"https:\/\/www.walterpianos.cl\/index.php\/wp-json\/wp\/v2\/pages"}],"about":[{"href":"https:\/\/www.walterpianos.cl\/index.php\/wp-json\/wp\/v2\/types\/page"}],"author":[{"embeddable":true,"href":"https:\/\/www.walterpianos.cl\/index.php\/wp-json\/wp\/v2\/users\/1"}],"replies":[{"embeddable":true,"href":"https:\/\/www.walterpianos.cl\/index.php\/wp-json\/wp\/v2\/comments?post=124"}],"version-history":[{"count":3,"href":"https:\/\/www.walterpianos.cl\/index.php\/wp-json\/wp\/v2\/pages\/124\/revisions"}],"predecessor-version":[{"id":136,"href":"https:\/\/www.walterpianos.cl\/index.php\/wp-json\/wp\/v2\/pages\/124\/revisions\/136"}],"wp:attachment":[{"href":"https:\/\/www.walterpianos.cl\/index.php\/wp-json\/wp\/v2\/media?parent=124"}],"curies":[{"name":"wp","href":"https:\/\/api.w.org\/{rel}","templated":true}]}}

<!-- This site is optimized with the Yoast SEO plugin v20.7 - https://yoast.com/wordpress/plugins/seo/ -->
<title>Videos - Walter Pianos</title>
<meta name="robots" content="index, follow, max-snippet:-1, max-image-preview:large, max-video-preview:-1" />
<link rel="canonical" href="https://www.walterpianos.cl/index.php/videos/" />
<meta property="og:locale" content="es_ES" />
<meta property="og:type" content="article" />
<meta property="og:title" content="www.walterpianos.cl - Piano de cola para conciertos." />
<meta property="og:description" content="Disponible para renta, incluye servicios de afinación, traslado y logística asociada. Regiones: Araucanía, Los Ríos y Los Lagos." />
<meta property="og:url" content="https://www.walterpianos.cl/index.php/videos/" />
<meta property="og:site_name" content="Walter Pianos" />
<meta property="article:modified_time" content="2023-05-09T19:33:49+00:00" />
<meta property="og:image" content="https://www.walterpianos.cl/wp-content/uploads/2019/03/7D9EB2AF-527E-434A-8AD3-67A1C328C768.jpeg" />
	<meta property="og:image:width" content="1585" />
	<meta property="og:image:height" content="891" />
	<meta property="og:image:type" content="image/jpeg" />
<meta name="twitter:card" content="summary_large_image" />
<meta name="twitter:title" content="www.walterpianos.cl - Piano de cola para conciertos." />
<meta name="twitter:description" content="Disponible para renta, incluye servicios de afinación, traslado y logística asociada. Regiones: Araucanía, Los Ríos y Los Lagos." />
<meta name="twitter:image" content="https://www.walterpianos.cl/wp-content/uploads/2019/03/F4B86696-D737-4FF7-845C-49B96FA40976.jpeg" />
<meta name="twitter:label1" content="Tiempo de lectura" />
	<meta name="twitter:data1" content="1 minuto" />
<script type="application/ld+json" class="yoast-schema-graph">{"@context":"https://schema.org","@graph":[{"@type":"WebPage","@id":"https://www.walterpianos.cl/index.php/videos/","url":"https://www.walterpianos.cl/index.php/videos/","name":"Videos - Walter Pianos","isPartOf":{"@id":"https://www.walterpianos.cl/#website"},"datePublished":"2022-10-28T13:49:59+00:00","dateModified":"2023-05-09T19:33:49+00:00","breadcrumb":{"@id":"https://www.walterpianos.cl/index.php/videos/#breadcrumb"},"inLanguage":"es","potentialAction":[{"@type":"ReadAction","target":["https://www.walterpianos.cl/index.php/videos/"]}]},{"@type":"BreadcrumbList","@id":"https://www.walterpianos.cl/index.php/videos/#breadcrumb","itemListElement":[{"@type":"ListItem","position":1,"name":"Portada","item":"https://www.walterpianos.cl/"},{"@type":"ListItem","position":2,"name":"Videos"}]},{"@type":"WebSite","@id":"https://www.walterpianos.cl/#website","url":"https://www.walterpianos.cl/","name":"Walter Pianos","description":"","potentialAction":[{"@type":"SearchAction","target":{"@type":"EntryPoint","urlTemplate":"https://www.walterpianos.cl/?s={search_term_string}"},"query-input":"required name=search_term_string"}],"inLanguage":"es"}]}</script>
<!-- / Yoast SEO plugin. -->

Disponible para renta, incluye servicios de afinación, traslado y logística asociada. Regiones: Araucanía, Los Ríos y Los Lagos.
